?
True
Is 19 a factor of 21299?
True
Is 65349 a multiple of 91?
False
Is 153 a factor of 75123?
True
Is 31 a factor of 1735?
False
Is 25 a factor of 1981?
False
Is 240 a multiple of 68?
False
Does 35 divide 7910?
True
Does 46 divide 6578?
True
Is 2232 a multiple of 3?
True
Is 11988 a multiple of 9?
True
Is 351 a factor of 63882?
True
Is 225 a multiple of 15?
True
Is 39 a factor of 468?
True
Is 779 a multiple of 19?
True
Does 42 divide 44142?
True
Is 13 a factor of 2553?
False
Is 4 a factor of 276?
True
Is 1737 a multiple of 193?
True
Is 4455 a multiple of 33?
True
Is 1659 a multiple of 22?
False
Is 1260 a multiple of 20?
True
Is 49379 a multiple of 11?
True
Does 25 divide 1850?
True
Is 672 a multiple of 12?
True
Is 14 a factor of 6801?
False
Is 5 a factor of 1425?
True
Is 49 a factor of 14455?
True
Is 91 a multiple of 7?
True
Is 3 a factor of 314?
False
Is 7560 a multiple of 28?
True
Is 1892 a multiple of 4?
True
Is 11 a factor of 7212?
False
Is 150 a factor of 77400?
True
Is 80 a factor of 22586?
False
Is 8 a multiple of 8?
True
Is 19 a factor of 2412?
False
Does 6 divide 57321?
False
Does 221 divide 54145?
True
Is 23204 a multiple of 8?
False
Is 16653 a multiple of 3?
True
Is 19 a factor of 11096?
True
Does 25 divide 1575?
True
Is 36 a factor of 1056?
False
Does 10 divide 3628?
False
Is 25 a factor of 6192?
False
Is 993 a multiple of 2?
False
Is 4532 a multiple of 22?
True
Does 141 divide 8460?
True
Does 6 divide 11736?
True
Does 74 divide 1841?
False
Does 7 divide 1802?
False
Is 1033 a multiple of 81?
False
Does 29 divide 2512?
False
Is 18 a factor of 81751?
False
Is 177 a factor of 8319?
True
Is 16 a factor of 208?
True
Is 464 even?
True
Is 19608 a multiple of 19?
True
Is 9 a factor of 1494?
True
Is 16 a factor of 10928?
True
Is 992 a multiple of 16?
True
Does 9 divide 9602?
False
Is 5 a factor of 90?
True
Is 14 a factor of 95?
False
Is 52 a factor of 951?
False
Is 19685 a multiple of 9?
False
Does 38 divide 14541?
False
Is 6 a factor of 108?
True
Does 21 divide 617?
False
Does 8 divide 384?
True
Is 4580 a multiple of 10?
True
Is 330 a multiple of 33?
True
Is 67072 a multiple of 256?
True
Does 96 divide 8764?
False
Is 2106 a multiple of 6?
True
Is 35 a factor of 315?
True
Is 12 a factor of 33226?
False
Is 12585 a multiple of 4?
False
Does 64 divide 24896?
True
Does 20 divide 15880?
True
Is 439 even?
False
Is 1648 a multiple of 8?
True
Does 7 divide 1020?
False
Is 13 a factor of 533?
True
Is 7 a factor of 525?
True
Is 3800 a multiple of 113?
False
Is 2386 a multiple of 37?
False
Is 17 a factor of 15062?
True
Is 42448 a multiple of 112?
True
Is 120 a factor of 48292?
False
Is 1032 a multiple of 24?
True
Does 97 divide 4850?
True
Does 22 divide 47772?
False
Is 13 a factor of 1426?
False
Is 40 a factor of 82920?
True
Does 16 divide 468?
False
Is 25935 a multiple of 133?
True
Does 37 divide 777?
True
Is 4698 a multiple of 35?
False
Is 53 a factor of 61454?
False
Does 18 divide 198?
True
Is 202 a multiple of 3?
False
Does 5 divide 1148?
False
Is 16 a factor of 53568?
True
Is 69 a factor of 9660?
True
Is 1724 a multiple of 26?
False
Is 3 a factor of 4610?
False
Is 39 a factor of 2093?
False
Does 22 divide 21010?
True
Does 2 divide 24?
True
Does 133 divide 2527?
True
Is 60382 a multiple of 106?
False
Does 137 divide 46410?
False
Is 1001 a multiple of 15?
False
Is 342 a factor of 99674?
False
Does 143 divide 90948?
True
Is 2212 a multiple of 97?
False
Is 6170 a multiple of 16?
False
Is 128 a multiple of 23?
False
Is 1886 a multiple of 46?
True
Is 11638 a multiple of 20?
False
Is 31 a factor of 6236?
False
Is 658 a multiple of 50?
False
Is 6 a factor of 887?
False
Is 1755 a multiple of 39?
True
Is 7 a factor of 12075?
True
Is 2478 a multiple of 57?
False
Is 11808 a multiple of 18?
True
Is 29 a factor of 18647?
True
Does 10 divide 351?
False
Is 2065 a multiple of 35?
True
Is 3648 a multiple of 24?
True
Does 10 divide 363?
False
Is 30 a factor of 12660?
True
Is 20685 a multiple of 19?
False
Is 75 a factor of 15579?
False
Is 32620 a multiple of 70?
True
Is 4336 a multiple of 20?
False
Is 8 a factor of 12448?
True
Does 21 divide 945?
True
Does 10 divide 7598?
False
Is 6100 a multiple of 100?
True
Does 4 divide 1385?
False
Is 1236 a multiple of 103?
True
Is 478 a multiple of 34?
False
Is 819 a multiple of 34?
False
Is 361 a multiple of 11?
False
Does 7 divide 593?
False
Does 12 divide 2113?
False
Is 15333 a multiple of 57?
True
Is 680 a multiple of 68?
True
Is 78 even?
True
Does 35 divide 41790?
True
Is 2256 a multiple of 115?
False
Is 5476 a multiple of 74?
True
Is 28 a factor of 1372?
True
Is 6567 a multiple of 4?
False
Is 558 a multiple of 18?
True
Does 58 divide 2483?
False
Is 6 a factor of 1724?
False
Is 1584 a multiple of 11?
True
Is 34 a factor of 1342?
False
Is 39117 a multiple of 59?
True
Does 52 divide 655?
False
Does 26 divide 29562?
True
Does 15 divide 555?
True
Is 4935 a multiple of 20?
False
Does 38 divide 38?
True
Does 4 divide 340?
True
Is 73 a factor of 5183?
True
Does 52 divide 1872?
True
Is 4 a factor of 144?
True
Does 23 divide 3013?
True
Does 106 divide 1955?
False
Is 9 a factor of 45?
True
Is 33 a factor of 1326?
False
Is 28111 a multiple of 43?
False
Is 84 a factor of 1252?
False
Does 23 divide 5128?
False
Is 23 a factor of 743?
False
Is 5 a factor of 299?
False
Is 123 a factor of 3357?
False
Is 109 a factor of 18253?
False
Does 96 divide 3836?
False
Does 14 divide 1326?
False
Is 666 a multiple of 9?
True
Does 7 divide 12037?
False
Is 104 a factor of 4555?
False
Is 28 a factor of 756?
True
Is 2 a factor of 1825?
False
Is 15258 a multiple of 65?
False
Is 20 a factor of 3600?
True
Is 340 a multiple of 4?
True
Is 2115 a multiple of 47?
True
Is 114246 a multiple of 198?
True
Does 6 divide 486?
True
Is 6577 a multiple of 20?
False
Does 3 divide 45?
True
Does 3 divide 28?
False
Does 30 divide 90?
True
Does 28 divide 196?
True
Is 12 a factor of 576?
True
Does 14 divide 30772?
True
Is 173 a factor of 4498?
True
Is 433 a multiple of 5?
False
Does 10 divide 17180?
True
Is 4879 a multiple of 3?
False
Is 7 a factor of 1320?
False
Is 1900 a multiple of 25?
True
Does 10 divide 911?
False
Is 18 a factor of 98622?
True
Is 34 even?
True
Is 8 a factor of 1226?
False
Is 18 a factor of 9820?
False
Does 79 divide 2044?
False
Is 28466 a multiple of 68?
False
Is 924 a multiple of 33?
True
Is 277 a multiple of 6?
False
Does 18 divide 126?
True
Is 4920 a multiple of 12?
True
Is 195 a multiple of 13?
True
Is 53 a multiple of 5?
False
Is 7 a factor of 5145?
True
Is 991 a multiple of 3?
False
Does 4 divide 64?
True
Is 15 a factor of 10095?
True
Is 1183 a multiple of 12?
False
Is 5958 a multiple of 9?
True
Is 27300 a multiple of 39?
True
Does 62 divide 20042?
False
Is 18 a factor of 15030?
True
Is 6 a factor of 382?
False
Is 26880 a multiple of 160?
True
Is 4532 a multiple of 103?
True
Does 168 divide 13895?
False
Does 10 divide 5560?
True
Is 5 a factor of 1905?
True
Is 260 a multiple of 13?
True
Is 43 a factor of 21672?
True
Is 2398 a multiple of 21?
False
Is 16 a factor of 3210?
False
Is 15 a multiple of 9?
False
Does 12 divide 4152?
True
Does 19 divide 341?
False
Is 367 a multiple of 3?
False
Is 11 a factor of 8987?
True
Is 2255 a multiple of 5?
True
Does 28 divide 17052?
True
Is 15 a factor of 10860?
True
Is 243 a multiple of 27?
True
Is 562 a multiple of 12?
False
Is 12 a factor of 2708?
False
Is 12 a factor of 124464?
True
Does 13 divide 1302?
False
Is 23772 a multiple of 14?
True
Does 184 divide 63664?
True
Is 2742 a multiple of 81?
False
Is 1956 a multiple of 6?
True
Does 45 divide 9427?
False
Is 4 a factor of 653?
False
Is 11248 a multiple of 148?
True
Does 7 divide 40?
False
Is 55 a factor of 29865?
True
Is 376 a multiple of 8?
True
Is 22 a factor of 38?
False
Is 52 a factor of 1272?
False
Does 13 divide 9152?
True
Is 8 a factor of 1198?
False
Is 15162 a multiple of 27?
False
Is 18325 a multiple of 63?
False
Does 31 divide 496?
True
Is 113292 a multiple of 36?
True
Is 265 a multiple of 26?
False
Is 10395 a multiple of 35?
True
Is 13561 a multiple of 76?
False
Is 103 a factor of 1751?
True
Is 220 a factor of 24136?
False
Does 20 divide 4860?
True
Is 71 a factor of 42600?
True
Is 2712 a multiple of 4?
True
Is 52 a factor of 988?
True
Does 10 divid